-10. Suppose -2*g - 5*x = -3*g + 9, -5 = n*x. List the prime factors of g.
2
Let j(f) = 5*f**2 - 2*f + 9. What are the prime factors of j(-4)?
97
Let o(a) = -a**2 - 4*a + 1. Let t be o(-2). Suppose -2*s + 3 = -t. Suppose -7*d - 20 = -3*d, 0 = -2*u + s*d + 30. What are the prime factors of u?
5
Let j(f) = 2*f**2 + 5*f + 8. List the prime factors of j(-7).
71
Suppose -52*x + 108 = -49*x. List the prime factors of x.
2, 3
Let b = 14 - 43. Let g = 50 + b. Suppose -4*l + g = -l. What are the prime factors of l?
7
Let v(l) = -l**2 - 9*l - 4. Let x be v(-8). Suppose -x*u + u = -120. Suppose 4*a = 2*a + u. List the prime factors of a.
2, 5
Let h(c) = -c + 4. Suppose 5*s - 16 = -0*x + 2*x, 4*x = -5*s + 28. Let l be h(x). Suppose l*u + 2 = 28. What are the prime factors of u?
13
Suppose 2*u = t - 5*t + 12, t + 3*u - 8 = 0. Suppose 5*i + 3*r - 49 = 0, 0 = -t*i + 5*r + 4 + 28. What are the prime factors of i?
11
Let d be (-5 + 4)/(1 - 0). Let i(u) = 13*u**2 - u - 1. List the prime factors of i(d).
13
Suppose n - 3*n = -20. Suppose 4*c = n + 6. List the prime factors of c.
2
Let c be 4/8*(9 + 1). Suppose 5*v + 4*s = 6, -c*v + 8 = 4*s - 2*s. Suppose -q = v*q - 30. List the prime factors of q.
2, 5
Let u(l) = l**3 + 8*l**2 + 6*l + 1. Suppose b - 3*b = 14. List the prime factors of u(b).
2
Let k(y) be the third derivative of -y**6/120 + y**5/10 + 3*y**4/8 + 5*y**3/3 - 3*y**2. What are the prime factors of k(7)?
2, 3
Let x(z) be the second derivative of -z**3/2 + 7*z**2/2 + z. Let o be x(5). Let j = o - -13. What are the prime factors of j?
5
Let l = 2 + 1. Let y = l + -2. What are the prime factors of (9/y)/(15/10)?
2, 3
Let v(p) = 4*p**2 - 3*p + 2. Let r(j) = j**2 + 5*j + 2. Let b be r(-5). List the prime factors of v(b).
2, 3
Suppose -x + 287 = 8*k - 3*k, -3*x + 107 = 2*k. Let a be (-1)/(-5) - k/(-10). Suppose -2*z + a = -18. List the prime factors of z.
2, 3
Let k(v) = v - v - 4 - 9 + 3*v. List the prime factors of k(9).
2, 7
Let b = -12 - -17. Let z(f) = f - 1. Let w be z(-2). Let c = w + b. List the prime factors of c.
2
Suppose 0*d + 340 = 4*d. Suppose 5*n = j + 95, 5*n - d = -3*j + 2*j. What are the prime factors of n?
2, 3
Let n(v) = -v - 3. Let x be n(-6). Suppose -2*l = -z - 20, -3*l - 7*z + 30 = -x*z. What are the prime factors of l?
2, 5
Let a(z) = 2*z - 2. Let c be a(4). Let d = c - -5. List the prime factors of d.
11
Let g(m) = m**3 - 8*m**2 - 8*m - 7. Let u be g(9). Suppose -u*i + 5*i = 108. Suppose 3*p + 9 = i. List the prime factors of p.
3
Let y(z) = 8*z**2 + 4*z - 3. List the prime factors of y(-4).
109
Suppose -2*z = 4*y - 18, 4*z = -y - 2*y + 21. Suppose 168 - 39 = z*f. What are the prime factors of f?
43
Let g = 33 + -17. Suppose -4*u + g + 4 = 0. List the prime factors of u.
5
Let g(q) = -2*q - 6. Let k(v) = v**2 + 8*v + 3. Let p be k(-7). Let n be g(p). Suppose -20 = n*b - 4*b. What are the prime factors of b?
2, 5
Let o = 3 + -4. Let a = o + 9. What are the prime factors of (12/8)/(3/a)?
2
Let q be (-2)/5 - (-262)/5. List the prime factors of 3/(-15) - q/(-10).
5
Let d be (-5)/2 - 3/6. Let r(z) = -z**3 - 2*z**2 + 5*z + 4. Let p be r(d). What are the prime factors of 12*p/(-1 + -3)?
2, 3
Let y = 93 + -24. List the prime factors of y.
3, 23
Let g = 54 - 15. Let w be 16/12 + 6/9. Suppose h = -w*h + g. What are the prime factors of h?
13
Let y(k) = 3*k - 9. List the prime factors of y(4).
3
Suppose 0 = i - 5*i - 396. Let m = 142 + i. What are the prime factors of m?
43
Suppose -41*o + 33*o + 400 = 0. List the prime factors of o.
2, 5
Suppose -3*y - 3 = -4*u + u, -2*y = -u. Suppose -2*q - 2*v - 22 = 0, -u*q = 3*q - 2*v + 34. Let j = q + 19. What are the prime factors of j?
11
Let w(z) be the second derivative of -z**4/12 + 19*z**3/6 - 17*z**2/2 + 6*z. List the prime factors of w(15).
43
Let q = 18 - 7. Let r = 16 - q. Suppose -60 = -r*p - 0*d - 2*d, -12 = -p - 5*d. List the prime factors of p.
2, 3
Let w(m) = m**3 + m + 10. Suppose -d = -6*d. List the prime factors of w(d).
2, 5
Let m be 2/(-12) - (-373)/6. Let w = -27 + m. List the prime factors of w.
5, 7
Let k = 35 - 6. List the prime factors of k.
29
Let q be 1/(2/(-4)) - 14. Let a = -8 - q. List the prime factors of a.
2
Suppose 0 = -4*f - 2*x + 726, 2*f + 3*x - 357 = -0*x. List the prime factors of f.
3, 61
Suppose -2*l + 55 = -65. Suppose -5*b + s = l, -2*b - 3*s + 0*s = 41. Let m = 24 + b. List the prime factors of m.
11
Let p = -1 - 0. Let h = 2 - p. Suppose 5*u = -h + 23. List the prime factors of u.
2
Suppose -2*p = 5*b - 250, 2*b + 2*p - 111 = -p. List the prime factors of b.
2, 3
Suppose -98 - 2 = -5*v. Let u = v + -1. List the prime factors of u.
19
Suppose 2*n = -7*g + 3*g + 354, 61 = g - 5*n. What are the prime factors of g?
2, 43
Let h = -77 - -99. List the prime factors of h.
2, 11
Let d(a) = 3*a - 15. Let l be d(6). Suppose -33 = -l*p + 45. List the prime factors of p.
2, 13
Suppose 24 + 412 = -3*z + 5*m, -m = z + 132. Let i = z + 192. What are the prime factors of i?
5, 11
Let q be 1 + (-111)/3 + 1. Let y be q/(-3) + 5/15. Let a = -4 + y. List the prime factors of a.
2
Let p(b) = b**3 + 5*b**2 - 2. What are the prime factors of p(-2)?
2, 5
Let o(d) = d**2 + 2*d - 6. List the prime factors of o(7).
3, 19
Let g = 50 - 25. What are the prime factors of g?
5
Let j = 3 - 3. Let u(z) = z + 7. What are the prime factors of u(j)?
7
Let y(l) = -l**3 + l**2 - 4. Let z be y(0). Let n = z - -6. Suppose 7 = n*k - 9. List the prime factors of k.
2
Let u(w) = w**3 + w**2 - w + 31. What are the prime factors of u(0)?
31
Let i(g) = g**3 + g**2 - g - 444. Let t be i(0). What are the prime factors of t/(-22) - (-2)/(-11)?
2, 5
Let y = -3 + 31. List the prime factors of 0 + 1/2*y.
2, 7
Let l(k) be the first derivative of k**3/3 + 5*k**2/2 + 8*k + 1. What are the prime factors of l(-6)?
2, 7
Let t = -3 - -3. Let h(f) = 5*f - 2*f**2 + 3*f**2 + 4 + t*f. What are the prime factors of h(-6)?
2, 5
Suppose -355 = -9*g + 77. What are the prime factors of g?
2, 3
Suppose w - 6*v = -v + 5, -30 = w + 2*v. Let l = w + 41. List the prime factors of l.
3, 7
List the prime factors of 391/51*(-3)/(-1).
23
Let q(m) = 25*m**2 + m - 2. What are the prime factors of q(1)?
2, 3
Let v = -3 - -14. Let w(i) = i**2 + 2. Let t be w(0). Suppose 2*g - v = -t*h + 3*g, -h - 8 = -5*g. List the prime factors of h.
7
Suppose -1 = -2*d + 3. Let v = 0 + d. Suppose 2*w + 3*x = v + 5, -5*x = -2*w + 47. What are the prime factors of w?
11
Let u(g) be the second derivative of -g**3/2 + 2*g. Suppose 2*r - 5 = -2*x - x, -r + 5*x = 17. What are the prime factors of u(r)?
2, 3
Let v = 56 + -48. List the prime factors of v.
2
Let r = 22 + 17. List the prime factors of r.
3, 13
Let x(r) = -r**3 + 5*r**2 + 3*r + 5. Let t be x(9). What are the prime factors of 9/(-15) - t/20?
2, 7
Let j(m) = -5*m**3 + 3*m - 4. Let r be j(-3). Suppose 5*z - r = -42. List the prime factors of z.
2
Let i(s) = -4*s - 3. Let y be i(-2). Suppose b - y*k = -b + 19, 14 = b - 4*k. List the prime factors of b.
2
Suppose 1717 = 6*x - 647. What are the prime factors of x?
2, 197
Let b(p) = 2*p + 1. Let a be 104/(-10) + (-15)/25. Let w be (-7)/(-28) + a/(-4). List the prime factors of b(w).
7
Let x(t) = t + 10. Let f be x(8). Suppose -s + 38 = -2*z, 2*z = s - 2*s + f. List the prime factors of s.
2, 7
Suppose -22*q = -12*q - 1280. What are the prime factors of q?
2
Let u = 181 + 191. List the prime factors of u.
2, 3, 31
Let v = -44 + 96. Suppose 0 = 2*r + 2*r - v. List the prime factors of r.
13
Let x(r) = -2*r**3 - 2*r**2 + r - 1. Let z be ((-12)/15)/((-4)/(-10)). What are the prime factors of x(z)?
5
Let w(j) = j**2 - 6*j - 3. Let i be w(6). List the prime factors of 0 - (i - (19 - -3)).
5
Suppose -3*m = -5*f - 7, 0*f - 4*f - 4 = -4*m. List the prime factors of f - 2 - 110/(-2).
3, 17
Let f(i) = -i**3 + 7*i**2 - 5*i + 4. Let b = 3 - -3. What are the prime factors of f(b)?
2, 5
What are the prime factors of 157 - (-1 + 1 - 1)?
2, 79
Suppose -13*v + 308 = -771. What are the prime factors of v?
83
Let d = 6 - 2. List the prime factors of (1 - 33)*(-2)/d.
2
Let d(w) = w**2 - 4*w - 1. List the prime factors of d(11).
2, 19
Suppose 5*b = 2*w - 101, -4*b + 82 - 25 = w. What are the prime factors of w?
53
Suppose 2*h + 60 = 7*h. Suppose -4*n = 5*p + 6 - 2, 36 = 5*n